t -334543222 (base 6) to base 7.
-102635432
20cc5 (base 13) to base 12
2a3a7
Convert 2a517 (base 13) to base 8.
234125
What is 19644 (base 14) in base 7?
355414
What is 6602053 (base 7) in base 16?
c5224
-26100444 (base 7) to base 10
-2370015
-aa63 (base 14) to base 4
-13030233
What is 748950 (base 10) in base 16?
b6d96
-1110011011110110 (base 2) to base 12
-2a272
2e2a0c (base 16) to base 3
12200201002121
What is 1038360 (base 10) in base 6?
34131120
Convert -451890 (base 16) to base 5.
-2124401042
What is 4211222 (base 8) in base 4?
10101022102
Convert -39288 (base 12) to base 9.
-128175
What is -bad (base 14) in base 6?
-14405
Convert 56235 (base 15) to base 14.
71b47
76cb78 (base 16) to base 3
112122112110210
Convert -2040033333 (base 5) to base 9.
-7843223
Convert 2220140 (base 7) to base 15.
561cb
Convert 5916 (base 16) to base 10.
22806
Convert -2182735 (base 10) to base 14.
-40b659
8a4b8 (base 14) to base 16
51f62
Convert 442110 (base 9) to base 6.
5354100
31101023 (base 5) to base 6
5232303
Convert 26a91c6 (base 13) to base 9.
24834481
-31023202310 (base 4) to base 3
-20111112120202
What is 332021 (base 8) in base 6?
2220453
Convert 132422354 (base 6) to base 3.
11222111000021
-22010103 (base 7) to base 3
-10112202111210
-554148 (base 9) to base 5
-41043331
What is 1c45a (base 15) in base 10?
92110
What is -2c71f (base 16) in base 7?
-1355515
What is 39335 (base 15) in base 12?
89a7b
Convert 414033010 (base 6) to base 10.
7189566
-23882658 (base 9) to base 4
-230211103202
Convert -20412334 (base 8) to base 14.
-80a36c
Convert 77b90 (base 15) to base 2.
1011100111011000010
Convert 15750701 (base 9) to base 6.
441013214
Convert -100000001101000001 (base 2) to base 15.
-2913a
Convert 11021123131 (base 4) to base 5.
321134331
32442301 (base 5) to base 9
467347
-11550003 (base 6) to base 3
-200220020010
What is 3771023 (base 9) in base 10?
2054343
3446366 (base 7) to base 4
1221132200
What is -71a80 (base 11) in base 12?
-509b8
What is 557986 (base 11) in base 4?
3121002000
Convert -174a15 (base 14) to base 7.
-6652525
What is 1031023 (base 4) in base 8?
11513
-50233304 (base 6) to base 12
-585834
Convert 124397 (base 11) to base 10.
196126
Convert -460436 (base 9) to base 11.
-179336
What is 606307 (base 8) in base 6?
4141211
403111125 (base 6) to base 3
110220220210222
Convert 4634526 (base 7) to base 3.
1002110222210
Convert 11010111100110000 (base 2) to base 5.
12013014
What is 160aee (base 16) in base 9?
2641540
Convert -2340041012 (base 5) to base 13.
-116aa9c
What is 7ac2 (base 14) in base 5?
1140323
-11110111010 (base 2) to base 13
-b92
-1120212122 (base 4) to base 10
-362906
11044140110 (base 5) to base 2
101110001001111101001101
Convert -2a3c83 (base 14) to base 11.
-9148a5
Convert -12451334 (base 6) to base 13.
-115201
Convert 144377 (base 9) to base 6.
1521454
What is -15cc4 (base 13) in base 2?
-1010001100000110
-44bfe (base 16) to base 11
-182629
22313213 (base 4) to base 10
44519
11336542 (base 7) to base 5
224014044
Convert 341916 (base 11) to base 12.
222aa2
Convert 200211002200 (base 4) to base 13.
1a00359
-bb9903 (base 13) to base 11
-2549641
Convert 65540 (base 16) to base 6.
12521252
Convert -31301213110 (base 4) to base 13.
-995854
Convert -175668 (base 9) to base 3.
-12112202022
What is aff1 (base 16) in base 4?
22333301
Convert 521407 (base 8) to base 15.
36307
What is 53210334 (base 6) in base 2?
101111100000010010010
Convert -24455215 (base 7) to base 5.
-1030324430
Convert 1012002022002 (base 3) to base 11.
3a1530
Convert -2735d (base 16) to base 6.
-3235313
What is 11301214 (base 6) in base 4?
1111200022
What is -31d61a (base 16) in base 10?
-3266074
-361e2 (base 15) to base 5
-21010222
-258ac (base 15) to base 8
-352427
-322625 (base 11) to base 2
-1111101111100001010
621606 (base 7) to base 13
394bc
What is 3242808 (base 9) in base 7?
20540105
Convert -129301 (base 10) to base 12.
-629b1
What is -2341314 (base 5) in base 16?
-a946
What is 27532626 (base 8) in base 9?
12610202
Convert -21101123212 (base 4) to base 11.
-1410242
43405020 (base 8) to base 9
18457106
Convert 50424 (base 8) to base 13.
95a8
Convert 7b7b9 (base 13) to base 2.
110111000010010101
What is -10100110010100001011 (base 2) in base 12?
-28a28b
What is 3521227 (base 8) in base 13?
277740
Convert -110131021202 (base 4) to base 15.
-70dc4e
Convert -41506565 (base 8) to base 14.
-12577db
-1100110010001100000 (base 2) to base 8
-1462140
-284a9 (base 12) to base 16
-dac1
Convert 13130032020 (base 4) to base 12.
7a09a0
-50055 (base 9) to base 14
-bd8b
What is -101022001022 (base 3) in base 12?
-99375
63ca9 (base 16) to base 8
1436251
What is -15165a6 (base 11) in base 7?
-31046440
74804 (base 10) to base 5
4343204
Convert -201002122010 (base 3) to base 16.
-5bc59
Convert 49054 (base 12) to base 11.
68060
What is -22431200 (base 5) in base 13?
-70c74
-6766762 (base 9) to base 2
-1101111010001110010000
1411112 (base 6) to base 16
135d4
Convert -527165 (base 8) to base 7.
-1331225
1220050 (base 8) to base 4
1102000220
-96945 (base 10) to base 8
-275261
Convert 759066 (base 11) to base 6.
41553541
Convert -1001011100101100 (base 2) to base 6.
-455100
What is 421442101 (base 5) in base 9?
3256056
Convert -31aa3c (base 16) to base 6.
-153432420
What is -4346405 (base 7) in base 2?
-10000010000110010000
-2963492 (base 10) to base 7
-34121630
1a20727 (base 11) to base 15
47606e
What is 326470 (base 9) in base 3?
100220112100
Convert -674811 (base 9) to base 10.
-403795
What is 1d7d6 (base 14) in base 6?
1342120
102348 (base 11) to base 15
3396d
22131000 (base 4) to base 5
2332231
What is 53865 (base 15) in base 11?
171231
6c3ab9 (base 14) to base 3
20221220002202
What is -167574 (base 16) in base 7?
-15340065
What is -56380 (base 13) in base 9?
-257727
303030 (base 7) to base 13
1a574
Convert 4528056 (base 9) to base 10.
2440014
What is -10001143 (base 5) in base 10?
-78298
What is -1551020 (base 9) in base 13?
-241722
Convert 11a0b2 (base 13) to base 4.
1213001101
-175493 (base 10) to base 6
-3432245
252a3 (base 14) to base 10
91087
5e75a (base 16) to base 2
1011110011101011010
What is -321431 (base 8) in base 7?
-624540
What is 313388 (base 9) in base 8?
553552
Convert -4133000 (base 8) to base 12.
-449940
Convert -1101011010010000100 (base 2) to base 3.
-211022210010
1421032334 (base 5) to base 3
20221110100021
11022112010 (base 3) to base 8
245721
What is 2b5ca1 (base 13) in base 3?
2000100121222
Convert 11002202020 (base 3) to base 7.
454245
Convert -1111111111011110010 (base 2) to base 8.
-1777362
Convert -cb8bc (base 14) to base 9.
-831127
What is 5aca52 (base 15) in base 12?
1557028
Convert 2679284 (base 10) to base 16.
28e1f4
-10011101101101010111 (base 2) to base 13
-198045
Convert 100531132 (base 6) to base 15.
24063b
-79ac63 (base 14) to base 11
-2378812
Convert 33400431 (base 6) to base 13.
295267
Convert 283681 (base 10) to base 2.
1000101010000100001
What is -be611 (base 15) in base 3?
-1010202120121
Convert 453005 (base 7) to base 4.
103212023
105955 (base 11) to base 8
511627
What is 202222210 (base 5) in base 7?
6654363
Convert 20a23a (base 12) to base 11.
322155
-427466 (base 11) to base 10
-683359
Convert -1c1bc (base 13) to base 15.
-11584
Convert 256ba8 (base 15) to base 8.
6661306
What is 14303131 (base 9) in base 14?
d27224
110100211100002 (base 3) to base 9
13324302
Convert 138351 (base 14) to base 4.
2210331203
Convert -112410101 (base 5) to base 3.
-222001220121
33311033 (base 4) to base 16
fd4f
Convert 114c73 (base 15) to base 3.
1112222111000
1d5ac7 (base 16) to base 7
22231461
Convert 2351755 (base 10) to base 8.
10761213
Convert -13132311134 (base 5) to base 16.
-f8965b
-376a052 (base 11) to base 4
-120331132111
Convert 10001010001100010111010 (base 2) to base 15.
5e6ac9
Convert 32266 (base 13) to base 3.
11121010211
What is -3562425 (base 11) in base 4?
-113230112031
Convert -9f51 (base 16) to base 9.
-61846
Convert -5c9d98 (base 14) to base 4.
-30013300102
Convert -658605 (base 9) to base 6.
-12233222
Convert -1143aaa (base 11) to base 14.
-39d831
What is -892a86 (base 13) in base 15?
-43d177
Convert -2a3569 (base 12) to base 9.
-1303280
What is -1a826aa (base 12) in base 2?
-10101100010000101100010
2214223 (base 7) to 